alculate the greatest common factor of i and p.
12
Let u = 106 - 104. Suppose 4*m - 29 = -h + u*h, 0 = -m + 5*h + 31. Suppose r = 5*d + 80, 4*d - 201 = -3*r + m*d. What is the highest common divisor of r and 5?
5
Let d = -27365 + 28163. Calculate the greatest common divisor of d and 21.
21
Let x be (24/(-9) - (-14)/(-42))*-13. What is the greatest common divisor of 3757 and x?
13
Let d(r) = r**3 - 16*r**2 + 11*r + 64. Let s be d(15). Suppose k - 202 = -4*h + 48, -s*h + 248 = 2*k. What is the highest common factor of 9 and h?
9
Suppose -3*s = 5*c - 16, 10 = 2*c + s + 2*s. Let k be 69/(-12) - c/8. Let l = k + 21. Calculate the greatest common divisor of l and 135.
15
Let z be 6/24 - (-66)/(-8). Let k = 206 + z. Let t(a) = -a + 20. Let u be t(2). What is the highest common divisor of k and u?
18
Let m(g) = g**3 + 19*g**2 + 18*g + 512. Let w be m(-17). Calculate the highest common factor of 2842 and w.
98
Suppose 522 = 2*k - 5*t, -4*k - 5*t + 851 = -223. Suppose -u = -5*w + 315, 0 = 2*w - 6*w - 2*u + k. Calculate the greatest common divisor of 96 and w.
32
Let q(s) = 4*s**3 - 29*s**2 + 2*s + 93. Let f be q(8). Calculate the highest common factor of f and 43.
43
Suppose i + 108 = 10*i. Let y(n) = 23*n**2 + 6*n - 8. Let k be y(2). What is the highest common divisor of i and k?
12
Let p be -4 - (-6 + -577 + (-9)/(-3)). What is the greatest common factor of 27 and p?
9
Suppose 0 = -2*l + 7 - 3. Suppose p - 4*p = m - 104, 0 = -2*p - l*m + 64. What is the highest common divisor of 60 and p?
12
Let a(x) = 2*x**3 + 48*x**2 - 2*x - 30. Let w be a(-24). Let q(n) = 4*n**2 + n. Let s be q(2). What is the greatest common divisor of w and s?
18
Let b be (-424)/(-8) + 17 + 2. Calculate the greatest common divisor of b and 7092.
36
Let h be (36036/(-1170))/(3 + (-16)/5). Let g = -12 + 34. What is the highest common factor of h and g?
22
Let g(l) = 26*l + 14. Let m be g(-4). Let d = -91 - m. Let r(z) = 33*z**2 - 8*z - 7. Let s be r(d). What is the highest common factor of s and 68?
34
Suppose 56*i - 187 = 45*i. Suppose -y + 3*g = -2*y + 515, 5*y = 4*g + 2651. What is the highest common divisor of i and y?
17
Let f(s) = 63*s - 502. Let j be f(10). What is the highest common factor of 288 and j?
32
Let a(g) = -g**3 + 12*g**2 - 26*g - 7. Let v be a(9). Suppose -v*l + 4*c + 110 = 0, -253 = -5*l - 3*c + 2*c. What is the greatest common divisor of l and 85?
17
Suppose c + 4*d = -7, -2*c + d - 47 = -6. Let w(t) = -t**3 - 18*t**2 + 6*t - 58. Let p be w(c). Calculate the greatest common divisor of 9 and p.
9
Suppose 2382 = 6*m + 60. Let c be (-5 + 6)*(36 + 14/2). What is the greatest common factor of m and c?
43
Let k = 3675 + -3632. Let c = 114 - 71. Calculate the greatest common divisor of c and k.
43
Let w = 2479 - 1597. Let j be (4/10)/(w/875 + -1). Calculate the highest common factor of j and 30.
10
Suppose 0*j = -4*j, -2*j = -5*b + 875. Let m = -581 + 576. Let w be 28 - m*(-9)/15. Calculate the greatest common factor of b and w.
25
Suppose -d = d - 36. Let i(k) = -8*k**2 - 134*k + 84. Let m be i(-16). Calculate the greatest common factor of m and d.
18
Suppose 12*y + 35 = 17*y. Suppose -y*f + 11*f - 344 = 0. Suppose -5*n + f - 11 = 0. What is the greatest common divisor of n and 120?
15
Let u be (16 + (-952)/51)/(2/(-6)). Calculate the highest common factor of u and 802.
2
Let p be (89 - 90)*(1 - (2 + 21743)). Calculate the highest common divisor of 144 and p.
144
Suppose 0 = -206*r + 86590 + 56580. What is the highest common factor of r and 2224?
139
Let p = -11196 + 12571. Calculate the greatest common divisor of 4675 and p.
275
Suppose -16*b + 574 = -418. Suppose 58*k + 512 = b*k. Calculate the greatest common factor of k and 112.
16
Suppose -244 = -3*x + 47. Let i = x - 71. Calculate the highest common factor of 4 and i.
2
Suppose 12*x - 17280 = -87*x - 21*x. What is the highest common factor of 6 and x?
6
Suppose 3*o + 107 + 246 = 7*c, -o = c - 49. What is the greatest common factor of c and 560?
10
Suppose 34*r = 38*r - 4. Let z(l) = 2*l**3 + l**2 + 2*l - 3. Let u be z(r). Let a be u/4*(20 - -6). Calculate the highest common divisor of a and 91.
13
Let i be (-2 - -1)/(-8*16/6740096). What is the highest common divisor of 11 and i?
11
Suppose -2*c - 5*f = -0*f + 69, 3*f = 5*c + 219. Let v be c/(-147) + (-5769)/(-21). Calculate the highest common factor of 55 and v.
55
Suppose -3*d - z = -5, 3*z + 11 = 2*d + 26. Suppose 7*i - 60 + 4 = d. Let f be (-8*(-15)/(-6))/(-1). Calculate the highest common divisor of f and i.
4
Let l(g) = g**3 - 37*g**2 + 300*g + 71. Let q be l(31). What is the greatest common factor of 206 and q?
103
Let w(o) = 6*o**2 + 195*o - 82. Let y be w(-34). What is the highest common factor of y and 80?
16
Let y(t) = t**3 + 60*t**2 + 163*t - 449. Let h be y(-57). Calculate the greatest common divisor of 11571 and h.
7
Suppose -31*h = -34*h + 9. Suppose -5*j + h*t = -5271, -6*t = -4*j - 3*t + 4218. Calculate the highest common factor of j and 39.
39
Let q = -145 - -247. Let t be 40/12*(-45)/(-25). Suppose 354 = t*m - q. What is the highest common divisor of 114 and m?
38
Let j(q) = -129*q**3 + 3*q**2 + 61*q + 137. Let b be j(-4). Calculate the highest common factor of b and 14.
7
Suppose -29*t - 150 = -35*t + 474. Let a = 4 + 22. Let f be a*(-2 - (-12)/4). What is the greatest common factor of t and f?
26
Let m be (-42)/15 + 16 + 6/(-5). Let c(h) = h**2 - 4*h. Let g be c(5). Let j = m - g. What is the greatest common factor of j and 7?
7
Suppose 0 = -29*g + 8*g + 105. Let d be 221/g + 4/(-20)*1. Calculate the highest common factor of d and 121.
11
Suppose 6*s = 5*s + 5. Let q be 104/40 + 2/s. Let t be (1 - 0 - -3) + q. What is the highest common factor of 35 and t?
7
Suppose 0*l + 5*d + 150 = 3*l, -3*l + 150 = 3*d. Suppose l - 10 = 5*t. Let x = 16718 - 16710. Calculate the greatest common divisor of t and x.
8
Let p = 4034 - 3892. What is the greatest common factor of 4544 and p?
142
Suppose 6*n - 4*n + 5*b = 2536, -3*b = n - 1272. What is the highest common divisor of 84 and n?
12
Suppose -764*w + 762*w - 4410 = -4*h, 5*w = -3*h + 3301. What is the highest common factor of 190 and h?
38
Suppose 70*x - 69*x = 3. Suppose -3*q - j + 0*j + 23 = 0, x*q = -2*j + 19. Let d(m) = 28*m - 17. Let f be d(q). Calculate the highest common factor of 94 and f.
47
Let b = 5538 + -5400. What is the greatest common divisor of 30 and b?
6
Let s = 635 + -584. Suppose -3*c - 26 = -2*k, -3*k + 8*k = 4*c + s. Calculate the highest common divisor of k and 203.
7
Suppose -3*y + 2*y = -7. Let k be (-416)/13*y/(-4). Suppose 14*b - 168 = -7*b. Calculate the highest common factor of b and k.
8
Suppose -14*n + 89*n = 3000. What is the greatest common divisor of n and 120?
40
Suppose 146*h - 147 = 139*h. Calculate the greatest common divisor of 511 and h.
7
Suppose -2*w - 14 = -6. Let y be (-696)/(-145)*(-30)/w. Calculate the highest common divisor of y and 63.
9
Suppose -i = 2*d - 41, d + 2*i - 24 = -2*i. Let v = -21797 - -21801. What is the highest common divisor of v and d?
4
Suppose -n - 61 = -55. Suppose -4*i + 3*v = -1, -i - 2*i + 2*v = 0. Let j be (132/n)/(i/13). Calculate the greatest common divisor of 13 and j.
13
Let b(g) = -31*g + 248. Let p be b(-28). Calculate the highest common factor of 324 and p.
36
Suppose -4*y = 3*k - 55, 0*y = -2*y - 5*k + 45. Suppose y*o + 504 = 17*o. What is the greatest common factor of o and 36?
36
Let t(k) = -k**2 + 129*k - 1717. Let a be t(108). Calculate the highest common divisor of 667 and a.
29
Let g be (65/(-15))/((-1002)/333 - -3). Suppose 6 = p - 7. Calculate the highest common divisor of g and p.
13
Suppose 34*t + 7*t = 403372 - 120472. What is the greatest common divisor of t and 40?
20
Let s be (-2)/((-6)/9) + 18 + 8. Let a = 36 + 22. What is the greatest common factor of s and a?
29
Suppose -26*y - 11 + 89 = 0. Suppose -y*p - 346 = -g, -2*p + 6 = p. Calculate the greatest common factor of g and 48.
16
Let f be (-1584)/(-297)*(7 + (-10 - -6)). Suppose -i - 4*i + 1360 = 0. Calculate the highest common divisor of f and i.
16
Suppose 0 = 94*m - 98*m. Suppose -4*q + 4*f + 4 = m, -3*f + 0*f = q - 1. Calculate the highest common factor of 4 and q.
1
Let o(h) = h**2 + 12*h - 12. Let p be o(-15). Let y(c) = -13*c + p*c + 14 - 12*c